ple of 6?
True
Does 13 divide 213909017?
False
Is 148309480 a multiple of 1298?
True
Is 22665435 a multiple of 39?
True
Is 589 a factor of 46531?
True
Does 3 divide 1617535?
False
Is 68115746 a multiple of 176?
False
Is 21 a factor of 50444709?
True
Is 382964050 a multiple of 175?
True
Does 50 divide 28079768?
False
Is 454 a factor of 322599234?
True
Does 406 divide 21944706?
True
Is 1156254178 a multiple of 3808?
False
Is 3627 a factor of 77030226?
True
Is 589 a factor of 73477161?
True
Is 160666660 a multiple of 2926?
True
Is 463 a factor of 930848475?
False
Is 26 a factor of 627221608?
True
Is 50 a factor of 139442800?
True
Does 7 divide 13480025?
False
Is 372 a factor of 9223137?
False
Does 17 divide 52808295?
False
Does 147 divide 114275007?
True
Is 1484416110 a multiple of 6?
True
Is 3 a factor of 35079?
True
Is 472 a factor of 27561032?
False
Does 399 divide 264433260?
True
Is 1267120842 a multiple of 78?
True
Does 4273 divide 534936870?
True
Is 14 a factor of 76718809?
False
Is 31571157 a multiple of 3?
True
Is 2452268 a multiple of 26?
True
Is 73582195 a multiple of 1402?
False
Is 822 a factor of 112847849?
False
Is 57 a factor of 275604199?
False
Is 73633728 a multiple of 112?
True
Does 54 divide 7688682?
True
Does 5911 divide 395079418?
True
Is 660 a factor of 21448022?
False
Does 7 divide 1943865?
True
Is 66636923 a multiple of 24?
False
Does 389 divide 262649946?
False
Is 17650152 a multiple of 156?
True
Is 5420107 a multiple of 582?
False
Does 24 divide 60784170?
False
Is 8 a factor of 51043954?
False
Does 12 divide 199166064?
True
Is 8079600 a multiple of 20?
True
Is 847954174 a multiple of 538?
True
Does 65 divide 621987938?
False
Does 4110 divide 2067408090?
True
Is 692358252 a multiple of 228?
True
Does 2586 divide 65388470?
False
Is 21 a factor of 7590340?
False
Is 55561416 a multiple of 944?
False
Does 11456 divide 4599048429?
False
Is 416886065 a multiple of 32?
False
Is 703 a factor of 6945640?
True
Is 70 a factor of 57475530?
True
Is 7649 a factor of 929370314?
False
Is 50330366 a multiple of 514?
True
Does 596 divide 21365345?
False
Does 716 divide 151830875?
False
Does 942 divide 50625906?
True
Is 1225964664 a multiple of 2424?
True
Is 695 a factor of 107376110?
True
Is 22228950 a multiple of 202?
False
Does 4 divide 143665336?
True
Is 102 a factor of 16108304?
False
Does 17 divide 98931721?
True
Is 338 a factor of 138802780?
False
Is 59 a factor of 12014701?
True
Does 808 divide 33003660?
False
Does 15 divide 968930700?
True
Is 948136176 a multiple of 5681?
True
Is 16 a factor of 8064641?
False
Does 6899 divide 5746470013?
False
Is 8852734 a multiple of 17?
False
Is 79078453 a multiple of 8?
False
Is 452146506 a multiple of 7?
True
Does 36 divide 738387036?
True
Is 101832632 a multiple of 121?
True
Does 26 divide 394554162?
False
Does 9 divide 14116471?
False
Is 125629831 a multiple of 1543?
False
Is 5201701 a multiple of 199?
False
Does 459 divide 1732649534?
False
Does 142 divide 292486914?
True
Is 7577551 a multiple of 216?
False
Is 27676992 a multiple of 64?
True
Does 894 divide 1808696994?
True
Is 47408920 a multiple of 5?
True
Is 20358386 a multiple of 149?
False
Is 227629618 a multiple of 668?
False
Does 32 divide 87368992?
True
Is 547 a factor of 14363968?
False
Is 87905754 a multiple of 40?
False
Is 851 a factor of 185595441?
True
Is 54 a factor of 7589052?
True
Does 15 divide 193377660?
True
Is 767 a factor of 142190295?
True
Is 108425875 a multiple of 19?
True
Is 302 a factor of 740474010?
False
Is 71173890 a multiple of 314?
False
Does 5 divide 91283316?
False
Does 5555 divide 308480260?
True
Does 14 divide 25669840?
True
Is 348 a factor of 1564662865?
False
Does 6389 divide 181549824?
True
Is 105 a factor of 176797470?
False
Does 6 divide 424722?
True
Does 1771 divide 189387198?
True
Is 232 a factor of 119170976?
True
Is 15 a factor of 33173146?
False
Is 97923540 a multiple of 4972?
True
Is 77308744 a multiple of 4?
True
Is 1671 a factor of 30163540?
False
Is 34 a factor of 1154704892?
False
Is 2609 a factor of 45370510?
True
Is 4980134 a multiple of 191?
True
Is 138943559 a multiple of 2218?
False
Does 756 divide 426110458?
False
Is 52587846 a multiple of 87?
True
Does 3599 divide 808310207?
True
Is 105798060 a multiple of 20?
True
Is 11587502 a multiple of 21?
False
Does 62 divide 91733402?
True
Is 36 a factor of 1300130208?
True
Is 40 a factor of 271211280?
True
Is 2872726276 a multiple of 11?
False
Is 1249 a factor of 53836046?
False
Is 4 a factor of 233733632?
True
Is 359 a factor of 580017991?
True
Does 8210 divide 3477779526?
False
Is 51 a factor of 54047108?
False
Does 22 divide 206518945?
False
Does 329 divide 801431665?
False
Is 30 a factor of 2113966800?
True
Does 3970 divide 88974776?
False
Does 5 divide 185495175?
True
Is 105 a factor of 160125254?
False
Is 3738834 a multiple of 69?
True
Does 91 divide 204285445?
True
Does 8 divide 13840094?
False
Is 679 a factor of 174520654?
True
Is 22028465 a multiple of 4?
False
Is 2331512955 a multiple of 23?
False
Is 2184 a factor of 166438902?
False
Is 154086983 a multiple of 3062?
False
Does 6215 divide 1193889070?
True
Does 65 divide 275750174?
False
Is 39318552 a multiple of 273?
True
Does 354 divide 212188895?
False
Does 1542 divide 748887812?
False
Is 377899976 a multiple of 146?
True
Does 24 divide 15012806?
False
Is 47 a factor of 501593071?
True
Is 243285075 a multiple of 275?
True
Does 43 divide 12059187?
False
Does 45 divide 2422655100?
True
Is 3868360 a multiple of 86?
False
Is 25 a factor of 2106299?
False
Is 179521162 a multiple of 24?
False
Does 12 divide 829954536?
True
Is 193 a factor of 2139034247?
True
Is 564534228 a multiple of 3524?
True
Does 115 divide 63550610?
True
Is 370537153 a multiple of 720?
False
Does 1651 divide 42935906?
True
Is 57 a factor of 70859550?
True
Is 41006952 a multiple of 148?
True
Is 444424036 a multiple of 28?
True
Is 4219330 a multiple of 11?
False
Is 361567471 a multiple of 189?
False
Does 10 divide 3978124512?
False
Does 7 divide 131567802?
False
Is 16912000 a multiple of 560?
True
Does 9 divide 1507636782?
True
Is 412 a factor of 904964263?
False
Is 32611773 a multiple of 38?
False
Is 4550100 a multiple of 3?
True
Is 3 a factor of 156314?
False
Does 1108 divide 187021536?
True
Is 111953323 a multiple of 21?
False
Is 56951853 a multiple of 493?
True
Does 10 divide 35436914?
False
Does 83 divide 248285785?
True
Is 9 a factor of 148073784?
False
Does 687 divide 1215611656?
False
Is 30506132 a multiple of 867?
False
Is 169 a factor of 41062437?
True
Does 12 divide 46445161?
False
Does 222 divide 16165208?
False
Does 798 divide 92805804?
True
Does 93 divide 359003436?
True
Is 31332337 a multiple of 11?
False
Does 19 divide 11781631?
False
Is 303 a factor of 91214298?
False
Does 164 divide 47109328?
True
Does 5 divide 57705831?
False
Does 4274 divide 2899101214?
True
Is 5 a factor of 8880549?
False
Does 30 divide 28041961?
False
Does 12 divide 571914816?
True
Is 833 a factor of 682587195?
False
Is 186 a factor of 6349150920?
True
Does 102 divide 26900556?
False
Does 4838 divide 336231324?
True
Is 12 a factor of 376367117?
False
Is 59 a factor of 285296860?
True
Does 49 divide 40148101?
True
Is 30 a factor of 2235863400?
True
Does 443 divide 62010984?
False
Does 33 divide 4981392796?
False
Does 24 divide 1237822272?
True
Is 225732942 a multiple of 834?
True
Does 370 divide 2614254653?
False
Does 370 divide 594497500?
True
Is 18 a factor of 32910372?
True
Is 3046495 a multiple of 3?
False
Is 15638772 a multiple of 194?
False
Does 2414 divide 139126062?
True
Is 24864630 a multiple of 725?
False
Is 139395303 a multiple of 15?
False
Is 3 a factor of 5017094?
False
Is 3688 a factor of 98627847?
False
Is 62791155 a multiple of 21?
True
Is 147 a factor of 38124112?
False
Is 4804706394 a multiple of 207?
True
Is 55 a factor of 17961133?
False
Is 740015965 a multiple of 65?
True
Is 2056387162 a multiple of 239?
False
Does 300 divide 1962300?
True
Is 2386912762 a multiple of 1704?
False
Does 54 divide 315658524?
False
Is 493 a factor of 156646806?
True
Is 289 a factor of 36988500?
False
Is 847 a factor of 8346470?
False
Is 13 a factor of 370788782?
True
Does 3 divide 608824150?
False
Is 264228838 a multiple of 12?
F